i) = -3*i**3 + 3*i + 16. What is the units digit of q(-5)?
6
Let s(t) = -21*t. Let q be s(-4). Suppose -3*n + q = n. What is the tens digit of n?
2
Suppose 4*f + 3*v = 146, -3*v + 70 = 2*f - 0*v. What is the tens digit of f?
3
Let x = -8 - -170. What is the hundreds digit of x?
1
Suppose -3*p + 5*h + 15 = 0, -2*p - 4 + 1 = h. Suppose p = z + 1 - 4. Suppose -4*d + 9 = -z*d. What is the units digit of d?
9
Suppose -3*j + 34 = 5*n, -4*j + 5*n = -0*n - 22. Let p(x) = -x**2 + 7*x - 4. Let w be p(3). Suppose 2*k = w + j. What is the units digit of k?
8
Let k(m) = m**3 - 2*m**2 - 4*m. Let z be k(4). Suppose -w = -i - 12, 5*w - 85 + z = 2*i. What is the tens digit of w?
1
Suppose -l + 67 = -64. What is the tens digit of l?
3
Suppose 2*o - 15 = 3*u, -5*o - 5*u + 57 = -6*u. What is the units digit of o?
2
Suppose 0 = i - 2*n - 27, -4*i + 104 = -0*i - 4*n. Let u = i + -18. What is the units digit of u?
7
Let i(o) = o + 13. Let l = 5 - 17. What is the units digit of i(l)?
1
Let u(i) = i**3 + 3*i + 3. Let d be u(-2). Let v = 16 + d. What is the units digit of v?
5
Let y = 26 - 2. Let z = -15 + y. What is the units digit of z?
9
Let z = 9 + -6. Suppose d - z*d = -82. What is the tens digit of d?
4
Let r(i) = -i**3 - 18*i**2 + 15*i + 4. What is the tens digit of r(-19)?
8
Let j(k) = -k + 9 + 0*k - 2. Let l be j(3). Suppose -l*t + 2 = p, p - 2*t = -0*p + 20. What is the tens digit of p?
1
Suppose -2*f - 11 = -3*g - 4, -g = f + 1. Let p = f + 2. Suppose k - 3 = -2*k + c, -3*k - 3*c + 15 = p. What is the units digit of k?
2
Let c(u) = 15*u + 2. What is the tens digit of c(1)?
1
What is the tens digit of 3 + -3 + (0 - -32)?
3
Let r = -4 + 8. Suppose -7*s + 4*s = 2*k - 47, -s + 69 = r*k. What is the tens digit of k?
1
Suppose 2*q - 3*i - 100 = -0*i, -3*q - 3*i + 120 = 0. What is the tens digit of q?
4
Let g(m) = -35*m - 8. What is the tens digit of g(-9)?
0
What is the units digit of (10/(-2))/(7/(-49))?
5
Suppose 71*v = 69*v + 384. What is the units digit of v?
2
Suppose 3*i + 0*r = 5*r - 42, 0 = -r. Let v = i - -15. What is the units digit of v?
1
Suppose -5*y = -4*l - 256 - 1149, -4*y + 1124 = -5*l. What is the hundreds digit of y?
2
Suppose 0*c - 2*h = -c + 136, 3*h = 0. What is the tens digit of c?
3
Let x(g) = 7*g**2 - g - 3. Let c(j) = -6*j**2 + 2. Let k(h) = -5*c(h) - 4*x(h). What is the units digit of k(-4)?
8
What is the units digit of (-1)/((-2)/(168/3))?
8
Let l(q) = -4*q - 3*q - 3 + 2*q + 1. Let t be l(-4). Suppose -3*n + t = -2*v, 4*n + 0*n - 7 = -3*v. What is the units digit of n?
4
Let y be 120/28 - (-6)/(-21). Let x(u) = 2*u - 5. Let k be x(5). What is the units digit of (y - k)/((-2)/8)?
4
Suppose 0 = 3*m - 3*s - 480, -5*s + 9*s = -4. What is the hundreds digit of m?
1
Suppose 5*i - 101 = 44. Suppose -i = 5*b - 114. Suppose 4*x - b = 3*x. What is the tens digit of x?
1
Let n(k) = 90*k - 1. What is the units digit of n(2)?
9
Let s(q) = 16*q**3 + 1. Let v be s(1). Suppose 3*h - v = -2*a - 3*a, h = a + 3. What is the units digit of (a + 15/6)*2?
7
Suppose 0 = -7*i + 8*i - 27. Let p = i - 9. What is the tens digit of p?
1
Let x be 2*(0 - (-6)/4). Suppose -3*u = -2*j, 3*u - 2*u + 13 = 5*j. Suppose -x*y + l + 23 = -17, -j*l = -3*y + 42. What is the tens digit of y?
1
Suppose -25 = 3*r - 8*r. Suppose 0 = -0*s + r*s + 3*u - 91, 3*s = 3*u + 69. What is the units digit of s?
0
Let z be (-1)/(((-20)/(-24))/5). What is the units digit of z/15 - 202/(-5)?
0
What is the tens digit of 398/4 - 1/(-2)?
0
Let d = -9 - -7. What is the units digit of -1*(d + 1)*17?
7
What is the tens digit of 56*(14/4 + -3)?
2
Suppose 0 = -5*y + 6 - 1. Let b be ((-12)/18)/(y/(-3)). Suppose -4*o + 15 = -4*d + 47, -d + 23 = b*o. What is the tens digit of d?
1
Let y = 4 - 0. Suppose y*m - 44 = -0*m. What is the units digit of m?
1
Suppose 2*w + 78 = 4*p, -3*p + 69 = -8*w + 3*w. Suppose -p - 16 = -2*o. Suppose u - o = -0*u. What is the tens digit of u?
1
Let u(m) = m**3 + 2*m - 3. What is the units digit of u(2)?
9
Let d(z) = -z**3 - 6*z**2 + 3*z - 5. What is the tens digit of d(-8)?
9
Let o = 7 - 4. Suppose -o*j = -j - 4. Suppose -j*u = 5*k + 8, -2*u - 7 = -3*u + 3*k. What is the units digit of u?
1
Suppose -4 = 4*c, 2*c + 0*c = -3*v + 211. What is the units digit of v?
1
Suppose 150 = 5*f - c, -3*c - 42 = -2*f + c. Suppose f = 4*r - s, -r - 4*s = s - 34. What is the units digit of r?
9
Let w(i) = 4*i. Let d(f) = f + 1. Let u(z) = -z - 1. Let g(x) = 7*d(x) + 6*u(x). Let a(n) = -3*g(n) + w(n). What is the units digit of a(4)?
1
Let u = 43 + -13. What is the tens digit of u?
3
Let o be (-12)/7 - 4/14. Let a(c) = -c + 1. Let r(m) = m - 2. Let s(d) = 4*a(d) + r(d). What is the units digit of s(o)?
8
Let r(t) = -t**3 - 2*t**2 + 6*t - 1. Let x be r(-5). Suppose 2*v = -2*v + x. What is the tens digit of v?
1
Let c be (-2)/4*12/(-6). Let z = 5 + c. What is the units digit of z?
6
Let g = -2 + 13. What is the units digit of g?
1
Let w(n) = -n**2 - 9*n - 5. Let z(h) = h**2 - 3. Let p be z(-3). Let a = -13 + p. What is the units digit of w(a)?
9
Let v = 113 - 92. What is the tens digit of v?
2
Suppose 3*i - 431 = -q, -i = -3*i - 4*q + 274. What is the units digit of i?
5
Suppose 2*b + 0 = -18. What is the units digit of 3*(-2)/b*33?
2
Let g(y) = 0*y**2 + y**2 - y + 0 - 2 - 9*y. What is the tens digit of g(12)?
2
Let m be (3 + -2)/((-1)/(-2)). What is the units digit of 1 + (3 - (m - 1))?
3
Let a(k) = -8*k + 1. Let z be a(-1). Suppose z = 4*n - 3. What is the units digit of n?
3
Let z = -32 - -40. What is the units digit of z?
8
Let y(m) = m**2 - 2*m - 1. Let r be y(-1). Suppose -r*q = 3*q - 35. Suppose 0 = -6*i + q*i - 2. What is the units digit of i?
2
Let z(h) = h - 1. Let d be z(7). Let j = 8 + d. What is the units digit of j?
4
Suppose -3 = -y, 0*p + 5 = 2*p - 5*y. Suppose 4*t + p = 5*t. What is the tens digit of t?
1
Suppose -2*f = -12 + 2. Suppose -3*l = -f*m + 1 - 3, -10 = -5*l + 5*m. Suppose l*j + 4*x - 16 = 4, 4*x = -j - 4. What is the units digit of j?
8
Let v(h) = 3*h**2 - 4*h + 3. What is the units digit of v(2)?
7
What is the units digit of -20*(30/(-8))/3?
5
Let b(w) = -2 - 1 - 3 + 4 - w. Let o(j) = -j**2 - 3*j + 5. Let a be o(-5). What is the units digit of b(a)?
3
Let p(o) = -o**3 - 12*o**2 - o + 28. What is the units digit of p(-12)?
0
Let c be (-2 + 290/3)*-6. What is the units digit of 3/(-4) + c/(-32)?
7
Suppose 0 = -2*h - 3 - 1, -2*b + 3*h + 8 = 0. Suppose 0 = -4*g + b + 51. Let q = 23 - g. What is the tens digit of q?
1
What is the tens digit of (-5 - 316)*2/(-8 + 2)?
0
What is the units digit of (0 - (-54)/4)*2*1?
7
Suppose 3*j + 6 = 48. Suppose -1 - 5 = -3*t. What is the units digit of j*(2 - 3/t)?
7
Let y = -39 + 89. Suppose -2*r = 3*r - y. Let m = 16 - r. What is the units digit of m?
6
Let f(u) = -u**2 + 4*u + 1. Let h be f(3). Suppose 0 = 3*v - h - 5. Suppose -v*w = 5 - 26. What is the units digit of w?
7
Suppose 6*d - 2*d = 0. Suppose 3*n + 2*n - 40 = d. What is the units digit of n?
8
What is the tens digit of (-3)/9 - (-817)/3?
7
Let y = -8 - 1. Let g = y - 1. Let a = 17 + g. What is the units digit of a?
7
Suppose 12 = 3*z - 4*l + 3*l, -5*l = 15. Suppose 42 = b + 2*b + z*j, 3*j = 4*b - 28. What is the units digit of b?
0
Let n(r) = 2*r**3 - 8*r**2 + 8*r - 12. What is the units digit of n(5)?
8
Suppose 0 = 6*p - 275 - 493. What is the units digit of p?
8
Suppose -4*f - 20 = p + 2*p, 0 = p. Let d = f + 9. What is the units digit of 60/14 + d/(-14)?
4
Suppose -5*h + 16 - 116 = 0. Let d = -13 - h. What is the units digit of d?
7
Let k(y) = 5 + y**2 - 8 - y - 1. What is the units digit of k(-4)?
6
Let s be (4/(-6))/((-3)/9). Suppose 0 = 4*m + 5*j - 61, -s*j + 55 = 5*m - 0*j. What is the units digit of m?
9
What is the tens digit of (7/4)/((-3)/(-48))?
2
Let y be 0/(0 - -1) + 4. Let z = -11 - -23. What is the units digit of (-2)/y + 42/z?
3
Suppose -5*p = -5 - 0, 2*x - 155 = 5*p. Let c = -54 + x. What is the units digit of c?
6
Suppose -5*a = -422 + 102. Suppose 3*g = 7*g - a. What is the units digit of g?
6
Let k(r) = 3*r**2 - 6*r + 4. Let x(u) = 4*u**2 - 6*u + 5. Let j(g) = -3*k(g) + 2*x(g). What is the units digit of j(5)?
3
Suppose 2 + 8 = -2*r. Suppose 8*n = 9*n - 16. Let y = n + r. What is the units digit of y?
1
Suppose 4*n - a - 64 = 0, -5*n + 3*a = 2*a - 8